
8
Let b(o) = o**3 + 14*o**2 + 11. Let g be b(-14). Suppose 0 = 4*x - 3*f - 136, 0 = -4*x + 4*f + g + 121. What is the tens digit of x?
3
What is the units digit of -132*20/30*27/(-4)?
4
Let u be (114/3 - -1) + 0. Suppose -3*h - u = -2*f - 2*f, -3 = -3*f - 3*h. Suppose 11 - f = g. What is the units digit of g?
5
Let r be (5/2 - 3)*-4. Let u be (-9)/(-6)*(-28)/(-3). Suppose 0 = 4*k - r - u. What is the units digit of k?
4
Let y = 426 - 49. What is the hundreds digit of y?
3
What is the hundreds digit of 582 - (-2)/(5 + (-52)/12)?
5
Suppose 4*a - 112 = -4*s, 44 = a - 5*s + 2*s. Suppose -2*j = a - 128. What is the tens digit of j?
4
Let v = 3849 - 1721. What is the thousands digit of v?
2
What is the hundreds digit of 31/(-186) + 11521/6?
9
Let l(w) be the first derivative of -2*w**4 - w**3/3 + w**2 + w - 32. What is the units digit of l(-2)?
7
Let w be 18/10 + (-1)/(-5). Suppose 13 = -w*q - 5. Let f = 9 - q. What is the tens digit of f?
1
What is the tens digit of 4/(4*(-3)/(-1776))?
9
Let w(b) = -29*b - 84. What is the units digit of w(-13)?
3
Let y = 1026 + 204. What is the hundreds digit of y?
2
Let b(d) = d**2 - 10*d + 11. Let s be b(9). Suppose 2*i = 4, 0 = -g - i + 2*i + s. Suppose 146 = g*l + 2*w, l - 4*w - 6 - 26 = 0. What is the units digit of l?
6
Let k = -15 + 23. Let z(s) = -s + 11. Let r be z(k). What is the tens digit of 2 - (-2 - r*16)?
5
Let v(a) = a - 1. Let i(z) = 12*z - 2. Let l(w) = -i(w) + 3*v(w). Let c be l(3). What is the units digit of ((-24)/c)/(2/14)?
6
Let i(j) = 4*j - 9. Let o(y) = -1. Let p(u) = i(u) + 4*o(u). What is the units digit of p(6)?
1
Suppose -4*p + 1076 - 100 = 0. What is the hundreds digit of p?
2
Let u(s) = 3*s**3 - 21*s**2 + 49*s - 250. What is the hundreds digit of u(14)?
5
Suppose -3380 = 9*b - 35*b. What is the hundreds digit of b?
1
Suppose -320*i = -325*i + 26210. What is the thousands digit of i?
5
Let s be 2 + -1 + -1 - -2. Suppose -5*h - 2*x = -25, -s*h = -h - x + 2. Suppose 5*u - 37 = -2*z, u = 5*z + 5 - h. What is the units digit of u?
7
Suppose -14 - 100 = -2*y. Suppose -3*o + 5*o = 5*h + 166, -4*h + y = o. What is the units digit of o?
3
Let z(p) = p**3 + 4*p**2 + 2*p + 9. Let r be z(-4). What is the units digit of (-8)/(-10)*30/r?
4
Suppose -3*p + 6 = -5*d - 25, 14 = 2*p - 2*d. Suppose 3*w + p*w - 40 = 0. Suppose 0 = -3*c + w + 7. What is the units digit of c?
5
Let n(f) = 6*f**2 + 4*f - 6. Let a be n(5). Let t = a + -116. Let u = t - 29. What is the tens digit of u?
1
What is the thousands digit of 72595/40 - (-4)/32?
1
Suppose 48*r = -20*r + 110908. What is the units digit of r?
1
Suppose 3*w - 8*w + 20 = 0. Suppose 5*n + 92 = 5*v + 237, 0 = w*v. Suppose -5 - n = -c. What is the tens digit of c?
3
Suppose -5*o = 4*c - 823, -c + 5*o + 626 = 2*c. What is the units digit of c?
7
What is the hundreds digit of 4/(-14) - 196040/(-140)?
4
Let u be -3*1*4/(-6). Suppose -34*g + 36 = -31*g. Suppose u*c = -c + g. What is the units digit of c?
4
Let b be (-3)/(-9) - (-736)/6. Let o = b + 39. What is the tens digit of o?
6
Let b(y) = 12*y + 4 + 12*y - 20*y. What is the tens digit of b(2)?
1
Let x be 92*((-18)/8 + 1). Let f = -44 - x. What is the units digit of f?
1
Suppose -3*n + 2 = -2*y, 20 - 61 = -5*y - 4*n. Suppose 17 = 3*c + 4*t, -4*t + 2*t = c - y. What is the units digit of c?
7
Let j be 13/4 - (1 - (-21)/(-12)). Suppose 0 = -j*a - 3*a + 826. What is the hundreds digit of a?
1
What is the units digit of 22/((-264)/(-10738)) - (-10)/(-12)?
4
Let p be ((-36)/45)/((-2)/(-5)). Let m be 1*(p - (-3 + -1)). Suppose -b - 264 = -4*h - 3*b, 3*h + m*b - 199 = 0. What is the units digit of h?
5
Let m be 3 + (13 - 3)/(-2). What is the units digit of 2/(m/(-13)*3/30)?
0
Suppose -8005 + 1426 = -9*k. What is the tens digit of k?
3
Suppose -5*r + 10 = 145. Let p = r + 30. Let t = 34 + p. What is the tens digit of t?
3
Let k(q) = -11*q + 2. Suppose -b = -4*g - 17, 4*b = -g + 4*g + 3. Let m be k(b). Let a = m - 21. What is the units digit of a?
4
Let z(s) = 303*s**3 + 2*s**2 + 2*s - 5. Let u be z(3). What is the hundreds digit of u/56 + 4/7?
1
Suppose 0 = 2*j + j. Suppose j = -q + 44 + 27. Let a = q + -42. What is the tens digit of a?
2
Let s be 2 + (7/(-42) - 11/6). Suppose d = 5*f + 72 - 500, s = -5*f - 2*d + 419. What is the units digit of f?
5
Let w = -7 - 83. Let z = 186 + w. Suppose 4*r - r = z. What is the units digit of r?
2
Suppose -2*v - 4 = -4*v. Suppose -4*c = -5*c + u + 8, v = -u. What is the tens digit of ((-6)/c)/(1/(-12))?
1
Let a(k) = 14*k - 20 - 4*k - 8*k. What is the tens digit of a(19)?
1
Suppose 2*j - 8 + 6 = 0. Let l(s) = -54*s**3 - j + 27*s**3 - 22*s**3 - s. What is the units digit of l(-1)?
9
Let b be 9/2*(-88)/(-12). Let u = -21 + b. Suppose -u = -g - g. What is the units digit of g?
6
Suppose 5*m + 149 = 839. What is the units digit of m?
8
Suppose -3978 = -16*l + 6918. What is the hundreds digit of l?
6
Let w be 6/(-30) - (-216)/5. Suppose -r = -5*p - w, 0 = 4*r - 3*p + p - 82. Let n = -11 + r. What is the units digit of n?
7
Let t = 9 - 4. Suppose -t*x + 0 = -3*w + 4, x = 2*w + 2. What is the tens digit of (4 + 0)*(-9)/x?
1
Let y(p) = 1 + 8*p - p - 14*p + 2. Let w be y(2). Let d(j) = -2*j + 10. What is the units digit of d(w)?
2
Suppose -b - 4*r + 321 = 0, 5*b + 65*r - 60*r - 1620 = 0. What is the units digit of b?
5
Suppose 5*l - 3*h + 131 = 0, 0*l - 4*l - 3*h = 121. Let w = l - -66. What is the units digit of w?
8
What is the hundreds digit of (-4 + 245 + 8)*8/6?
3
Suppose n + 4*b + 15 = -0*n, -2*n + 15 = -b. Suppose 4*k + n*d - 725 = 2*d, k + 5*d = 177. What is the hundreds digit of k?
1
Let i(s) = 72*s**2 - 133*s - 5. What is the units digit of i(-5)?
0
Suppose 7*z - 12*z = -5. Suppose -3*u + z = -5. What is the tens digit of 2*13/2*u?
2
Let u = -4 - -1. Let x be (3 - u)*(-9)/6. Let g(y) = -2*y - 1. What is the tens digit of g(x)?
1
Let j(c) = -4*c + 4. Let f be j(-4). Let w = f - -12. Suppose 4*p + 5*q = 79 + w, 0 = 2*p + q - 51. What is the tens digit of p?
2
Suppose 35 = 2*a + 2*p + p, -5*a - 2*p + 71 = 0. Let h(s) = 2*s + 6 + a + 0*s - 3*s. What is the tens digit of h(0)?
1
Let x(f) = f**3 - 4*f**2 + 17*f - 5. What is the units digit of x(8)?
7
Suppose -2 = -3*y - 2*b, 3*b = 4*y - 5 - 9. Suppose 0*n = y*n - 168. What is the tens digit of n?
8
What is the units digit of (92/12 + -10)/(2/(-300))?
0
Suppose j = -4*l + 5661, 4*l + 3*j - 6381 = -726. What is the hundreds digit of l?
4
Let o(v) be the first derivative of v**3 - 3*v**2 + 10*v + 5. Let u be o(6). Suppose 47 = -4*q + 5*q - 5*n, 0 = 2*q - 4*n - u. What is the units digit of q?
7
Let z(i) = -i**3 - 5*i**2 - 5*i - 4. Let y be z(-4). Suppose -4*d = 5*a - 128, 5*d - 189 = -y*d + a. Suppose 0 = -3*v + 26 + d. What is the units digit of v?
1
Let t(j) = j**3 + 10*j**2 + 13*j + 10. Suppose 0 = -5*x - 3*c - 43 - 8, 5*x + c + 47 = 0. Let s be t(x). What is the tens digit of ((-4)/4)/(2/s)?
1
Let m = 19 + -19. Let f(n) be the second derivative of -n**4/12 + 25*n**2/2 + n. What is the units digit of f(m)?
5
Let j be ((-2)/(-4)*(-1 - -1))/(-2). Suppose -43 = -2*q + 3*w, 2*q + q - 3*w - 66 = j. What is the tens digit of q?
2
Let z(f) = -31*f + 30. Let n(u) = -5*u + 6. Let s be n(2). What is the tens digit of z(s)?
5
Let r = -4 + 10. Suppose k - 4*t = r*k - 8, -5*k + t = -23. Suppose 6*s = k*s + 50. What is the units digit of s?
5
Suppose 9*h - 3*h = -12. Let b be 2760/42 + h/(-7). Let s = b - 44. What is the units digit of s?
2
Suppose 7*r + 2601 = -2*r. Let a = r - -437. What is the units digit of a?
8
Let c(m) = -5*m - 20. Let d(v) = v + 5. Let i(u) = 2*c(u) + 9*d(u). Let t be i(-4). Suppose o = -5*l + 8, -2*o + 0*l + t = 3*l. What is the units digit of o?
3
Suppose -l + 3*m - 4 = 0, 0*l - 2*m - 32 = -5*l. Let j = l - 15. Let d(o) = -5*o - 9. What is the units digit of d(j)?
6
Suppose 0*i = 4*i + 12. Let w be 5*(i - 72/(-20)). Suppose -w*d = -10*d + 21. What is the units digit of d?
3
Let x be 19 + 171 + (2 - -2). Suppose 0 = 2*h - 3*r - 177 - 211, 2*r = h - x. What is the units digit of h?
4
Let d be 6/2 - (5 + -3). What is the hundreds digit of -5 - 1675/(-15) - d/(-3)?
1
Suppose 0 = s + 2*s - 9. Suppose -s*g - 2*m = -350, 3*g = 2*m + 190 + 180. What is the hundreds digit of g?
1
Suppose -4*s = -3*y - 109, -y + 63 = 5*s - 59.